of 246707402?
7
What is the hundred thousands digit of 23216645?
2
What is the millions digit of 970636814?
0
What is the tens digit of 272322764?
6
What is the hundreds digit of 386543513?
5
What is the hundred millions digit of 116304251?
1
What is the hundred millions digit of 330645528?
3
What is the hundred millions digit of 2946072456?
9
What is the hundred thousands digit of 4827438?
8
What is the units digit of 2294158?
8
What is the hundreds digit of 856687897?
8
What is the hundred millions digit of 119502617?
1
What is the thousands digit of 1581683520?
3
What is the hundred millions digit of 469500097?
4
What is the millions digit of 2766756303?
6
What is the thousands digit of 236377652?
7
What is the units digit of 446002948?
8
What is the hundreds digit of 22901285?
2
What is the ten thousands digit of 2717130932?
3
What is the ten thousands digit of 56114692?
1
What is the thousands digit of 1124774?
4
What is the hundred thousands digit of 298664469?
6
What is the hundreds digit of 1604446984?
9
What is the ten millions digit of 116524174?
1
What is the millions digit of 20599951?
0
What is the units digit of 281127937?
7
What is the hundreds digit of 54464109?
1
What is the tens digit of 1611630108?
0
What is the hundreds digit of 4701839471?
4
What is the units digit of 555738451?
1
What is the ten thousands digit of 66084483?
8
What is the units digit of 85249178?
8
What is the tens digit of 220422880?
8
What is the tens digit of 441619089?
8
What is the tens digit of 1235101025?
2
What is the ten millions digit of 49723096?
4
What is the thousands digit of 344979102?
9
What is the hundred thousands digit of 1445809184?
8
What is the hundreds digit of 273490151?
1
What is the ten millions digit of 13110482?
1
What is the tens digit of 153179865?
6
What is the millions digit of 738311878?
8
What is the units digit of 68623474?
4
What is the hundreds digit of 193799820?
8
What is the units digit of 50014876?
6
What is the units digit of 52373797?
7
What is the thousands digit of 1563384160?
4
What is the tens digit of 118655720?
2
What is the millions digit of 56471162?
6
What is the ten millions digit of 48566841?
4
What is the millions digit of 2265784818?
5
What is the thousands digit of 259534919?
4
What is the tens digit of 1530994694?
9
What is the millions digit of 4123508020?
3
What is the ten millions digit of 836457136?
3
What is the units digit of 842352147?
7
What is the ten millions digit of 93103773?
9
What is the hundred thousands digit of 102091361?
0
What is the units digit of 8154311?
1
What is the hundred thousands digit of 78601773?
6
What is the hundreds digit of 392936918?
9
What is the millions digit of 337133206?
7
What is the thousands digit of 950748605?
8
What is the hundred thousands digit of 126965605?
9
What is the units digit of 129768780?
0
What is the hundred thousands digit of 99591527?
5
What is the ten thousands digit of 98011465?
1
What is the hundred thousands digit of 3142191419?
1
What is the thousands digit of 1195726137?
6
What is the hundred millions digit of 2690447142?
6
What is the hundred millions digit of 7381327163?
3
What is the hundred millions digit of 325654183?
3
What is the ten millions digit of 15342449?
1
What is the ten millions digit of 144315168?
4
What is the billions digit of 2373726040?
2
What is the ten millions digit of 328707914?
2
What is the ten thousands digit of 122211218?
1
What is the tens digit of 86877668?
6
What is the hundred thousands digit of 71844326?
8
What is the units digit of 20816333?
3
What is the billions digit of 1783918230?
1
What is the units digit of 15979293?
3
What is the thousands digit of 2476569250?
9
What is the millions digit of 3369001662?
9
What is the thousands digit of 156836284?
6
What is the hundreds digit of 60394529?
5
What is the tens digit of 2944608152?
5
What is the ten thousands digit of 105132059?
3
What is the hundreds digit of 327327695?
6
What is the hundreds digit of 116480288?
2
What is the thousands digit of 4151696179?
6
What is the millions digit of 2497172435?
7
What is the units digit of 77519006?
6
What is the thousands digit of 653753088?
3
What is the hundred millions digit of 257716420?
2
What is the tens digit of 6074223251?
5
What is the tens digit of 373493757?
5
What is the ten millions digit of 3775981872?
7
What is the thousands digit of 132134394?
4
What is the units digit of 221041556?
6
What is the hundred thousands digit of 7506206749?
2
What is the ten millions digit of 578702364?
7
What is the hundred millions digit of 1273434963?
2
What is the millions digit of 1961680324?
1
What is the millions digit of 3540080645?
0
What is the ten thousands digit of 364019380?
1
What is the millions digit of 13270734?
3
What is the millions digit of 21503111?
1
What is the billions digit of 2735595378?
2
What is the ten millions digit of 2191942683?
9
What is the ten thousands digit of 35507068?
0
What is the tens digit of 107776030?
3
What is the ten millions digit of 671868410?
7
What is the ten thousands digit of 32705989?
0
What is the millions digit of 1017710936?
7
What is the units digit of 111162744?
4
What is the hundred thousands digit of 2346218748?
2
What is the thousands digit of 10322304?
2
What is the hundred millions digit of 4306146655?
3
What is the hundred thousands digit of 348550824?
5
What is the units digit of 101999492?
2
What is the hundreds digit of 103107293?
2
What is the units digit of 298530291?
1
What is the hundred thousands digit of 1064259701?
2
What is the thousands digit of 5537983?
7
What is the ten thousands digit of 49292657?
9
What is the millions digit of 3531485557?
1
What is the ten thousands digit of 361626089?
2
What is the ten millions digit of 80028151?
8
What is the thousands digit of 147972082?
2
What is the ten millions digit of 65910170?
6
What is the thousands digit of 103763901?
3
What is the hundreds digit of 584599831?
8
What is the ten thousands digit of 44010240?
1
What is the hundred thousands digit of 15428550?
4
What is the thousands digit of 129579179?
9
What is the tens digit of 426722995?
9
What is the hundred millions digit of 183370056?
1
What is the hundreds digit of 949699968?
9
What is the units digit of 112922582?
2
What is the tens digit of 77480497?
9
What is the tens digit of 1331338532?
3
What is the hundred thousands digit of 756507847?
5
What is the ten thousands digit of 107760644?
6
What is the hundreds digit of 1918853287?
2
What is the tens digit of 27427675?
7
What is the hundred thousands digit of 371641847?
6
What is the ten millions digit of 115546628?
1
What is the ten thousands digit of 290815191?
1
What is the thousands digit of 31804193?
4
What is the units digit of 256732487?
7
What is the ten millions digit of 965948572?
6
What is the hundred thousands digit of 265491298?
4
What is the millions digit of 1766799650?
6
What is the millions digit of 33361177?
3
What is the millions digit of 284901338?
4
What is the ten millions digit of 4160672629?
6
What is the ten thousands digit of 45212094?
1
What is the hundred thousands digit of 86746567?
7
What is the hundreds digit of 44470621?
6
What is the millions digit of 104259970?
4
What is the millions digit of 329739003?
9
What is the hundred thousands digit of 309129149?
1
What is the hundred millions digit of 225727588?
2
What is the units digit of 93455637?
7
What is the hundreds digit of 18185368?
3
What is the ten thousands digit of 1771335075?
3
What is the ten millions digit of 406850917?
0
What is the millions digit of 73006344?
3
What is the units digit of 12964998?
8
What is the millions digit of 8848082?
8
What is the units digit of 561372141?
1
What is the thousands digit of 34608629?
8
What is the hundreds digit of 1148388978?
9
What is the units digit of 141819174?
4
What is the millions digit of 9103657?
9
What is the hundreds digit of 220521625?
6
What is the units digit of 510101599?
9
What is the hundreds digit of 18006612?
6
What is the hundred thousands digit of 8996956192?
9
What is the units digit of 16628193?
3
What is the hundred millions digit of 2303058042?
3
What is the units digit of 37534428?
8
What is the thousands digit of 178699526?
9